3588*z + 3585*z + 3 - 7176*z. Determine r(u).
24
Let h = 154 + -148. Let s(l) = 6*l**2 + 18*l + 2. Let x(w) = -5*w**2 - 17*w - 1. Let f(i) = h*s(i) + 7*x(i). Give f(7).
-23
Suppose -5 = -3*m - 2*a, 5*m = 7*a + 1 - 3. Let v(r) = -11*r**3 + 3*r**2 - 5*r + 2. Calculate v(m).
-11
Suppose -4*o = -190 - 42. Suppose -o*z = 215 + 249. Let b(q) = q**3 + 8*q**2 - 7. Determine b(z).
-7
Let s(w) = -65*w**2 - 5*w + 7. Let a(x) = 99*x**2 + 6*x - 8. Let t(g) = 2*a(g) + 3*s(g). Calculate t(2).
11
Suppose -g + 20 = 4*g. Suppose -3*t - 4*r + 19 = 0, -5*t + g*r - 15 = -r. Let a(c) = 166*c**2 + 167*c**2 - 5 + c + 5 - 335*c**2. What is a(t)?
-1
Let a(u) be the first derivative of -u**3/3 - 5*u**2 - 4*u - 1. Let n be (19026/6795)/(7/(-20)). Give a(n).
12
Let b(y) = -y**2 - 5*y + 2. Let m(f) = f**2 + 12*f + 10. Let v be m(-13). Suppose 5*d = -3 + v. Let o be 4 + -3 + -1 - d. Calculate b(o).
6
Suppose -5*v = -66*m + 68*m + 13, -v + 3 = -m. Let h(r) = 11*r + 37. Give h(m).
-7
Let i(b) = -b**3 - 4*b**2 + 4*b - 9. Suppose -5*x - 6696 = 3*d - 6682, 0 = -3*x - 5*d - 2. Determine i(x).
-25
Let t(b) = -3*b - 2. Let i = -339 - -338. Let z be (30/(-35))/(i/(-7)). Determine t(z).
16
Let q = -1087 + 1081. Let m be 36/(-54) + (-4)/q. Let f(z) = -z - 1. Let d(k) = 7*k - 4. Let t(b) = d(b) + 6*f(b). Give t(m).
-10
Let n(u) be the second derivative of -2*u**4 + u**3/6 + u**2/2 - 1068*u. Calculate n(-1).
-24
Let x = 9 + 10. Suppose 5*s - 2*i - x = 11, -3*s = -i - 19. Suppose 4*m + 33 = j + s, -4*j - 3*m + 5 = 0. Let d(y) = 2*y - 6. Give d(j).
4
Let c = -783 - -805. Let i(v) = -62*v + 21*v + 13*v + c*v. What is i(-5)?
30
Let l(j) = -5*j**2 + 15*j - 3. Let b be l(3). Let s be b + (2 - -5) + -1. Let o(n) = 0*n**2 - 2*n**2 - 1 + 0 + n + n**3. Give o(s).
11
Let b be ((-6)/4)/((-3)/6). Let w = 79 - 77. Let f(m) = -20*m**3 - 10*m**2 + 19*m**3 - 4 + 4*m + 13*m**w. Determine f(b).
8
Let p(o) = 1. Let k(q) = 16*q - 4. Let b(j) = k(j) - 2*p(j). Let a(x) = 13*x - 5. Let w(n) = -5*a(n) + 4*b(n). Calculate w(-9).
10
Let m(c) = 2. Let r(w) = 4*w + 7. Let a(z) = 5*m(z) + r(z). Suppose 4*y - 23 = -4*j - 31, 0 = -3*j + y - 18. Give a(j).
-3
Let b(t) = -234*t - 11211. Let u be b(-48). Let a(k) = k - 36. What is a(u)?
-15
Let k(m) = m**2 + 3*m - 1. Let w(x) = 3*x + 9. Let p be w(-2). Suppose 0 = -5*b - 3 + p. Suppose b = 3*z + 8 + 4. Calculate k(z).
3
Suppose 44 + 112 = 13*q. Suppose 3*w - q = -3. Let f(o) = 26*o + 5. Let b(d) = -9*d - 2. Let m(l) = -17*b(l) - 6*f(l). What is m(w)?
-5
Suppose 3*q - 4*h - 66 = 0, 2*q - 2*h - 28 - 16 = 0. Suppose 0 = 3*p + 9, -3*x = 3*p + q + 8. Let j(v) = v**3 + 7*v**2 - 3*v - 17. Determine j(x).
4
Let a(p) = 33*p - 4. Let v be 44/(-946) + (-4)/(-129)*66. What is a(v)?
62
Let m be (-60)/(-8)*(-16)/(-5). Let h be 3/12 - (-42)/m. Let o(c) = 12*c**2 - 11*c**2 + 1 - 2*c**h + 2. Determine o(0).
3
Let m = 437 - 247. Let d(v) = -2 - 8*v**2 - m*v - 191*v + 377*v. Determine d(-2).
-26
Let l(a) = -a**2 - 13*a - 42. Let c be l(-4). Let r(v) be the second derivative of 1/6*v**3 + 1/2*v**2 + 0 - 2*v. Calculate r(c).
-5
Let x(y) be the third derivative of y**4/12 - 5*y**3/6 + y**2. Suppose -h = 5*l - 98, 0 = -2*h + l + 228 + 12. Suppose -h*g + 113*g + 30 = 0. Determine x(g).
7
Let p(i) = -11*i - 10. Let v(x) = -4*x - 3. Let n = -84 + 81. Let u(a) = n*p(a) + 8*v(a). Suppose 0 = -4*h + 2*h. Calculate u(h).
6
Suppose 5*p + 501 = 3*y + 99, -5*p - 670 = -5*y. Let c = 133 - y. Let a(b) be the third derivative of 3*b**5/20 - b**3/6 - 3*b**2. Determine a(c).
8
Let d = 4866 - 4869. Let v(o) = -5*o**2 + 3*o + 20. Give v(d).
-34
Let q(l) be the second derivative of -l**6/360 + 7*l**5/120 - 5*l**4/12 - 9*l**3/2 - 20*l. Let u(p) be the second derivative of q(p). Determine u(5).
0
Let y(i) = i**2 - 6*i - 7. Suppose 5*u = 3*v - 108, -v + 72 = v + 2*u. Let o(j) = 16*j**2 + 19*j**2 + 4*j + 1 + 4 - v*j**2. Let s be o(4). Calculate y(s).
-12
Let i = -139 + -177. Let n = -319 - i. Let w(z) = z + 3. What is w(n)?
0
Let z = 191 - 180. Let j(x) be the first derivative of -x**4/4 + 10*x**3/3 + 5*x**2 + 9*x - 86. Give j(z).
-2
Suppose 0 = 3*r - 0*r - 2*w + 14, 4 = r - 5*w. Let h(l) = 11*l + 713. Let v(i) = -i - 62. Let f(s) = 6*h(s) + 69*v(s). Give f(r).
18
Let n(a) = a**2 + 4*a + 3. Let g = -273 + 147. Let l = g - -11. Let z = -118 - l. What is n(z)?
0
Let a(r) be the second derivative of r**4/12 - 2*r**3 - 45*r**2/2 - 32*r + 2. Let u(v) be the first derivative of a(v). Give u(8).
4
Let i = -3 + 6. Let v(t) = t**3 - 4*t**2 - 81*t - 26. Let w be v(-7). Let f(y) = -y - 1 - i*y**2 + 0*y**3 + 4 - 3*y**w - y**3. Give f(-5).
-17
Suppose -t = -0*t - 25. Suppose 5*y + 25 = t. Suppose -4*k + y*l - 15 = -l, -4*k - 10 = -2*l. Let v(s) = s**3 + 4*s**2 - 4*s - 1. Calculate v(k).
-6
Suppose 4*i = 4*o - 16, 0*i = -4*o - 2*i + 4. Let l be 9 - 3 - (o - 1). Let c(r) = 17*r**2 - 35*r**2 - 15 + r**3 + r + 12 + 13*r**2. Calculate c(l).
2
Let a(s) = 30 + s**2 - 46 - 2 + 3*s - 17 + 5*s. Give a(-12).
13
Let h(t) be the first derivative of -2*t**2 + 1/3*t**3 - t + 42. What is h(4)?
-1
Suppose -a + 255 = 232. Let c(g) = g**3 - 21*g**2 - 47*g + 45. Determine c(a).
22
Let a(v) be the second derivative of v**5/20 - v**4/12 + 5*v**3/3 + 13*v**2/2 - 604*v. Give a(-1).
1
Let t(f) = 2*f**3 + 4*f**2 + f + 6. Let r(m) = -m**3 - m**2 + m - 2. Let a(k) = 3*r(k) + t(k). Let w = 41 + -38. Give a(w).
-6
Let a(j) = -j**3 + j**2 + 3*j + 2. Let l(y) = 5*y**3 + 11*y**2 - 38*y + 59. Let k(c) = -6*a(c) - l(c). Calculate k(16).
-7
Suppose -1018 = -73*s - 580. Let c(z) = -84*z + 505. Calculate c(s).
1
Suppose -278 - 102 = -10*q. Let p = q + -36. Let r(b) = 2*b**2 - p + 84*b + 89*b - 171*b. What is r(2)?
10
Let p(o) be the second derivative of -3*o**5/10 - o**4/4 + o**3 - 2*o**2 - 8*o. Let z(n) = -7*n**3 - 3*n**2 + 7*n - 5. Let s(y) = -6*p(y) + 5*z(y). Give s(-3).
2
Let r(h) be the first derivative of 3*h**2/2 + 7*h - 1. Let p = 107 - 107. Suppose p = -2*l - b - 10, 10*l - 2*b = 13*l + 15. Calculate r(l).
-8
Let k(x) = 5*x**2 + 4*x - 5. Suppose -13*d + 14*d - 5*o = 33, 4*d - o = 18. What is k(d)?
52
Suppose 4*l + 19 = 3. Let u(i) = -2*i**2 - 5*i - 17. Let z(h) be the first derivative of h**3/3 + h**2 + 9*h + 11. Let q(a) = 3*u(a) + 5*z(a). Give q(l).
-2
Let v(q) = -q**2 - 28*q - 93. Let c be v(-24). Let x(a) = 796*a**3 - 798*a**3 + c*a - 2*a. What is x(-1)?
1
Let k be -1*(24/(-9))/(8/12). Let y(a) be the third derivative of 0*a - 17*a**2 - 1/24*a**k + 0 - 5/6*a**3. Give y(7).
-12
Let b(a) be the second derivative of a**4/12 - a**3/2 - a**2/2 - 21*a. Suppose 4*p + 4 = 3*s, 2*s - p - 3*p = 0. Calculate b(s).
3
Let o(n) = 10*n**3 + 14*n**2 - 5*n + 19. Let f(u) = 8*u**3 + 11*u**2 - 3*u + 16. Let x(b) = 4*f(b) - 3*o(b). Determine x(-3).
-38
Let h(z) = 20 + z**2 - 20 - 2*z**2 - 8*z. Suppose -192 = 38*n - 14*n. Determine h(n).
0
Let o(q) = 2*q**3 + 4*q**2 + 4*q + 2. Let j(c) be the first derivative of -42*c - 12 + 5/2*c**2. Let t be j(8). Give o(t).
-6
Let x(o) = -o**2 - 15*o - 21. Let r be -8*(-24)/256 - (-7 - 415/(-20)). Calculate x(r).
5
Let a = 142 + -236. Let n = a + 195. Let g(q) = n*q - 1 + 7 - 100*q. Determine g(0).
6
Let f(w) be the second derivative of -w**3/3 + 9*w**2/2 - w. Let t be (4/(-6))/(8 - (-1176)/(-144)). What is f(t)?
1
Let v(n) = 47 - n + 25*n**2 - 30*n - 43 - 9*n**2. Give v(2).
6
Suppose 4*j = -5*v + 8*v, 4*j + 3*v = 24. Let p(f) = 217 - 216 - f + j*f - f**3. Let x = -6 - -9. Give p(x).
-20
Suppose 0 = -32*g - 115 + 1395. Let h(v) = -30*v**2 - g*v**2 + 59*v**2 - 3*v + v. Calculate h(-1).
-9
Let r(f) = f**3 + 19*f**2 - 43*f - 456. Let p be r(-20). Let i(v) be the second derivative of 0 - 4/3*v**3 - 2*v**2 - 16*v - 1/12*v**p. Give i(-5).
11
Suppose m - 14 = -4*p, -2*m - 2*p = 3*p - 22. Suppose 0 = 2*l + 2*k + 10, l - 5*k = -k + 20. Let i(u) = m*u + 0*u - 3*u + l*u. Give i(-1).
-3
Suppose h + 2*l - 8 = 0, 19 = 2*h - l + 6*l. Let n(o) = -h*o - 179 - 13*o + 180. What is n(1)?
-14
Let i(u) = -1 + 1 - 3 + 90*u - 100*u - 1. What is i(10)?
-104
Let k = 3100 - 3091. Let h(w) = w**3 - 8*w**2 - 9*w + 8. Determine h(k).
8
Let c(i) be the third derivative of -i**4/24 + 4*i**3 + 1122*i**2. Calculate c(-12).
36
Let b = -2 + -2. Let p(o) be the second derivative of 4/3*o**3 + 2*o**2 + 306*o + 0. What is p(b)?
-28
Let l = -4406 - -4419. Let v(z) = -4*z